6761.
3, 11, 19, 112481
What are the prime factors of 2743635117?
3, 17, 6029, 8923
What are the prime factors of 60696025?
5, 13, 186757
What are the prime factors of 4570394?
2, 337, 6781
List the prime factors of 114237823.
7, 19, 858931
What are the prime factors of 2703287836?
2, 137, 4933007
What are the prime factors of 328289763?
3, 149, 734429
List the prime factors of 18148939.
18148939
What are the prime factors of 1154122586?
2, 19, 30371647
List the prime factors of 65661468.
2, 3, 5471789
What are the prime factors of 373330444?
2, 37, 2522503
List the prime factors of 1792407877.
13, 137877529
What are the prime factors of 562179319?
13, 521, 83003
What are the prime factors of 3543139428?
2, 3, 295261619
List the prime factors of 8492620.
2, 5, 19, 22349
List the prime factors of 45664527.
3, 15221509
List the prime factors of 2669857517.
71, 557, 67511
List the prime factors of 8557305.
3, 5, 570487
What are the prime factors of 83538745?
5, 16707749
What are the prime factors of 26021298?
2, 3, 19, 228257
List the prime factors of 173361840.
2, 3, 5, 722341
What are the prime factors of 2819020?
2, 5, 59, 2389
List the prime factors of 1906286689.
31, 1983649
List the prime factors of 468788514.
2, 3, 6553, 11923
List the prime factors of 1491543346.
2, 41, 89, 204377
List the prime factors of 123683836.
2, 281, 110039
What are the prime factors of 760299903?
3, 11, 7679797
List the prime factors of 66975843.
3, 11, 263, 7717
List the prime factors of 7046513.
641, 10993
List the prime factors of 695567943.
3, 7, 11040761
List the prime factors of 49513153.
131, 377963
What are the prime factors of 180473473?
197, 916109
What are the prime factors of 568749912?
2, 3, 3527, 6719
List the prime factors of 7045351.
643, 10957
List the prime factors of 112977269.
112977269
What are the prime factors of 358762634?
2, 181, 991057
What are the prime factors of 411044859?
3, 45671651
List the prime factors of 110605661.
181, 611081
What are the prime factors of 64096513?
13, 269, 18329
What are the prime factors of 391519930?
2, 5, 39151993
List the prime factors of 18359471.
13, 31, 45557
What are the prime factors of 3814790597?
3814790597
List the prime factors of 279815068.
2, 13, 5381059
What are the prime factors of 78901043?
13, 6069311
What are the prime factors of 626418011?
19, 4091, 8059
List the prime factors of 865813630.
2, 5, 11, 383, 20551
What are the prime factors of 1110160900?
2, 5, 223, 49783
What are the prime factors of 5115395756?
2, 43, 29740673
What are the prime factors of 821955923?
223, 1181, 3121
List the prime factors of 988681405.
5, 197736281
What are the prime factors of 292840721?
292840721
List the prime factors of 3408065224.
2, 426008153
What are the prime factors of 3370671538?
2, 13, 9972401
List the prime factors of 50912064.
2, 3, 7, 23, 61
List the prime factors of 911673769.
1907, 478067
List the prime factors of 1120126647.
3, 307, 491, 2477
What are the prime factors of 8887659?
3, 11, 29, 37, 251
What are the prime factors of 40563491?
43, 47, 20071
What are the prime factors of 3222110937?
3, 643, 1670353
List the prime factors of 125729558.
2, 29, 137, 15823
What are the prime factors of 96949052?
2, 24237263
List the prime factors of 1205752401.
3, 7, 29, 659963
List the prime factors of 261778694.
2, 19, 31, 61, 3643
List the prime factors of 21876813.
3, 7, 347251
What are the prime factors of 249786325?
5, 23, 434411
List the prime factors of 936803445.
3, 5, 17, 199, 18461
What are the prime factors of 799490307?
3, 7, 11, 3460997
List the prime factors of 285591183.
3, 97, 613, 1601
What are the prime factors of 371003830?
2, 5, 61, 127, 4789
What are the prime factors of 5420328?
2, 3, 449, 503
List the prime factors of 27960337.
179, 181, 863
What are the prime factors of 65097809?
7, 431, 21577
List the prime factors of 44183056.
2, 19, 101, 1439
What are the prime factors of 2397231555?
3, 5, 159815437
List the prime factors of 181791899.
9377, 19387
What are the prime factors of 22550860?
2, 5, 67, 16829
List the prime factors of 1676496117.
3, 173, 3230243
List the prime factors of 323511139.
7, 17, 251, 10831
List the prime factors of 2131382794.
2, 197, 601, 9001
List the prime factors of 48397938.
2, 3, 313, 25771
List the prime factors of 43728579.
3, 179953
List the prime factors of 328404131.
11, 29854921
What are the prime factors of 66855007?
193, 346399
List the prime factors of 149236085.
5, 101, 295517
What are the prime factors of 199399838?
2, 11, 977, 9277
List the prime factors of 430228217.
430228217
List the prime factors of 262623596.
2, 521, 126019
List the prime factors of 189824572.
2, 7, 6779449
What are the prime factors of 21839449?
107, 204107
List the prime factors of 16774091.
16774091
List the prime factors of 840976712.
2, 105122089
List the prime factors of 625390358.
2, 19, 151, 108991
What are the prime factors of 8390709?
3, 71, 1459
What are the prime factors of 180397842?
2, 3, 30066307
What are the prime factors of 83308309?
7, 11901187
What are the prime factors of 1317096412?
2, 59, 5580917
What are the prime factors of 111465337?
23, 59, 82141
List the prime factors of 847341313.
7, 13, 9311443
List the prime factors of 596260255.
5, 131, 397, 2293
What are the prime factors of 79526882?
2, 3037, 13093
What are the prime factors of 371530387?
503, 601, 1229
List the prime factors of 238806461.
2237, 106753
What are the prime factors of 3624378471?
3, 7, 2999, 19183
What are the prime factors of 444212409?
3, 23, 41, 6827
What are the prime factors of 19464630?
2, 3, 5, 263, 2467
List the prime factors of 1071385185.
3, 5, 13, 5494283
What are the prime factors of 59614393?
17, 113, 31033
What are the prime factors of 2264814878?
2, 8537, 132647
What are the prime factors of 104289471?
3, 11, 13, 27011
What are the prime factors of 528370289?
101, 5231389
List the prime factors of 92766511.
37, 2507203
List the prime factors of 284408523.
3, 7, 383, 3929
What are the prime factors of 304987688?
2, 3037, 12553
List the prime factors of 230181219.
3, 19, 71, 18959
List the prime factors of 109445739.
3, 13, 29, 96769
List the prime factors of 65365263.
3, 19, 382253
List the prime factors of 295979.
41, 7219
List the prime factors of 2368634445.
3, 5, 52636321
List the prime factors of 813856577.
2221, 366437
List the prime factors of 628164846.
2, 3, 34898047
What are the prime factors of 92715513?
3, 11, 31, 90631
List the prime factors of 374500583.
19, 2297, 8581
List the prime factors of 122053218.
2, 3, 7, 415147
List the prime factors of 72682641.
3, 8075849
List the prime factors of 459648773.
459648773
List the prime factors of 88327981.
7, 23, 41, 13381
What are the prime factors of 73917285?
3, 5, 13, 23, 16481
List the prime factors of 2277333616.
2, 19, 7491229
What are the prime factors of 2060675179?
17, 23, 307, 17167
List the prime factors of 87817097.
2713, 32369
What are the prime factors of 70850075?
5, 673, 4211
What are the prime factors of 319436558?
2, 7, 23, 853, 1163
List the prime factors of 83390704.
2, 5211919
What are the prime factors of 435179584?
2, 7, 151, 919
List the prime factors of 2439325007.
7, 23, 2164441
List the prime factors of 393806055.
3, 5, 26253737
What are the prime factors of 69486878?
2, 151, 230089
List the prime factors of 47348665.
5, 7, 13, 19, 5477
What are the prime factors of 257789696?
2, 1006991
What are the prime factors of 196368144?
2, 3, 7, 584429
What are the prime factors of 45197253?
3, 5021917
What are the prime factors of 43327422?
2, 3, 2407079
What are the prime factors of 543872277?
3, 13, 31, 113, 1327
List the prime factors of 1708360693.
13, 61, 127, 16963
What are the prime factors of 933811918?
2, 13, 83, 432721
List the prime factors of 392067783.
3, 709, 6827
What are the prime factors of 267014672?
2, 401, 41617
List the prime factors of 3842884362.
2, 3, 227, 2821501
What are the prime factors of 1079540857?
23, 46936559
What are the prime factors of 40121097?
3, 499, 26801
List the prime factors of 631350467.
11, 43, 367, 3637
List the prime factors of 356148090.
2, 3, 5, 146563
What are the prime factors of 489585197?
489585197
What are the prime fact